{"id":5157,"date":"2015-10-13T14:28:12","date_gmt":"2015-10-13T14:28:12","guid":{"rendered":"http:\/\/www.xn--diseowebdmg4-dhb.com.ar\/historiadelperonismo\/?page_id=5157"},"modified":"2024-03-07T21:48:15","modified_gmt":"2024-03-08T00:48:15","slug":"historia-del-peronismo","status":"publish","type":"page","link":"https:\/\/historiadelperonismo.com\/","title":{"rendered":"intro"},"content":{"rendered":"\t\t<div data-elementor-type=\"wp-page\" data-elementor-id=\"5157\" class=\"elementor elementor-5157\">\n\t\t\t\t<div class=\"elementor-element elementor-element-4801c502 e-flex e-con-boxed e-con e-parent\" data-id=\"4801c502\" data-element_type=\"container\" data-e-type=\"container\">\n\t\t\t\t\t<div class=\"e-con-inner\">\n\t\t\t\t<div class=\"elementor-element elementor-element-19e4e5c0 elementor-widget elementor-widget-text-editor\" data-id=\"19e4e5c0\" data-element_type=\"widget\" data-e-type=\"widget\" data-widget_type=\"text-editor.default\">\n\t\t\t\t<div class=\"elementor-widget-container\">\n\t\t\t\t\t\t\t\t\t<table border=\"0\" width=\"100%\" cellspacing=\"0\" cellpadding=\"0\" align=\"center\">\n<tbody>\n<tr valign=\"top\">\n<td style=\"border: 0px; padding: 0 !important;\" align=\"center\"><img decoding=\"async\" src=\"https:\/\/historiadelperonismo.com\/wp-content\/uploads\/intro_image_sin-texto.png\" alt=\"\" border=\"0\" \/>\n<div>\n<div><a href=\"https:\/\/historiadelperonismo.com\/?page_id=13942\"><img decoding=\"async\" src=\"images\/enter.jpg\" alt=\"\" border=\"0\" \/><\/a>\n<img decoding=\"async\" class=\"aligncenter\" src=\"bcounter\/counter.php\" alt=\"\" \/><\/div>\n<\/div>\n\n<hr \/>\n\n<!-- <img decoding=\"async\" class=\"aligncenter\" src=\"bcounter\/counter.php\" alt=\"\" \/> -->\n<!-- inicio codigo contador <a href=\"#\"><img decoding=\"async\" style=\"border: 0px solid ; display: inline;\" alt=\"contador de visitas\" src=\"http:\/\/contador-de-visitas.com\/hit.php?id=1132020&#038;counter=35\"><\/a>\n<!-- fin codigo contador -->\n<span class=\"smallgrey\">\n<b>\u00abPermitida la reproducci\u00f3n del contenido de esta p\u00e1gina, a condici\u00f3n de ser citada la fuente.\u00bb<\/b><\/span>\n\nHistoriadelperonismo.com copyright \u00a9 2009\/2030 Roberto Maffeis. Todos los derechos reservados.<\/td>\n<\/tr>\n<\/tbody>\n<\/table>\t\t\t\t\t\t\t\t<\/div>\n\t\t\t\t<\/div>\n\t\t\t\t\t<\/div>\n\t\t\t\t<\/div>\n\t\t\t\t<\/div>\n\t\t","protected":false},"excerpt":{"rendered":"<p>\u00abPermitida la reproducci\u00f3n del contenido de esta p\u00e1gina, a condici\u00f3n de ser citada la fuente.\u00bb Historiadelperonismo.com copyright \u00a9 2009\/2030 Roberto Maffeis. Todos los derechos reservados.<\/p>\n","protected":false},"author":2,"featured_media":0,"parent":0,"menu_order":0,"comment_status":"closed","ping_status":"closed","template":"template-blank.php","meta":{"footnotes":""},"class_list":["post-5157","page","type-page","status-publish","hentry"],"_links":{"self":[{"href":"https:\/\/historiadelperonismo.com\/index.php?rest_route=\/wp\/v2\/pages\/5157","targetHints":{"allow":["GET"]}}],"collection":[{"href":"https:\/\/historiadelperonismo.com\/index.php?rest_route=\/wp\/v2\/pages"}],"about":[{"href":"https:\/\/historiadelperonismo.com\/index.php?rest_route=\/wp\/v2\/types\/page"}],"author":[{"embeddable":true,"href":"https:\/\/historiadelperonismo.com\/index.php?rest_route=\/wp\/v2\/users\/2"}],"replies":[{"embeddable":true,"href":"https:\/\/historiadelperonismo.com\/index.php?rest_route=%2Fwp%2Fv2%2Fcomments&post=5157"}],"version-history":[{"count":52,"href":"https:\/\/historiadelperonismo.com\/index.php?rest_route=\/wp\/v2\/pages\/5157\/revisions"}],"predecessor-version":[{"id":13985,"href":"https:\/\/historiadelperonismo.com\/index.php?rest_route=\/wp\/v2\/pages\/5157\/revisions\/13985"}],"wp:attachment":[{"href":"https:\/\/historiadelperonismo.com\/index.php?rest_route=%2Fwp%2Fv2%2Fmedia&parent=5157"}],"curies":[{"name":"wp","href":"https:\/\/api.w.org\/{rel}","templated":true}]}}